hat is the thousands digit of 28518?
8
What is the hundreds digit of 2906?
9
What is the hundreds digit of 903?
9
What is the thousands digit of 34493?
4
What is the tens digit of 36461?
6
What is the hundreds digit of 2569?
5
What is the thousands digit of 3265?
3
What is the tens digit of 838?
3
What is the units digit of 878?
8
What is the hundreds digit of 1461?
4
What is the hundreds digit of 9800?
8
What is the units digit of 16730?
0
What is the thousands digit of 23517?
3
What is the units digit of 3438?
8
What is the tens digit of 2786?
8
What is the tens digit of 3599?
9
What is the hundreds digit of 984?
9
What is the units digit of 10860?
0
What is the thousands digit of 27748?
7
What is the tens digit of 22303?
0
What is the hundreds digit of 744?
7
What is the thousands digit of 65859?
5
What is the units digit of 4591?
1
What is the tens digit of 9237?
3
What is the tens digit of 3451?
5
What is the tens digit of 735?
3
What is the units digit of 8?
8
What is the units digit of 766?
6
What is the tens digit of 60375?
7
What is the units digit of 11284?
4
What is the units digit of 13113?
3
What is the tens digit of 40440?
4
What is the hundreds digit of 2511?
5
What is the hundreds digit of 25399?
3
What is the hundreds digit of 1970?
9
What is the tens digit of 637?
3
What is the tens digit of 78?
7
What is the ten thousands digit of 24722?
2
What is the units digit of 198?
8
What is the tens digit of 1729?
2
What is the tens digit of 35850?
5
What is the thousands digit of 1340?
1
What is the units digit of 94496?
6
What is the hundreds digit of 254?
2
What is the tens digit of 351?
5
What is the hundreds digit of 415?
4
What is the hundreds digit of 4989?
9
What is the hundreds digit of 2282?
2
What is the thousands digit of 93244?
3
What is the units digit of 576?
6
What is the hundreds digit of 795?
7
What is the thousands digit of 101098?
1
What is the tens digit of 1978?
7
What is the hundreds digit of 1048?
0
What is the thousands digit of 10345?
0
What is the tens digit of 3464?
6
What is the hundreds digit of 1669?
6
What is the hundreds digit of 795?
7
What is the hundreds digit of 476?
4
What is the thousands digit of 1064?
1
What is the tens digit of 12665?
6
What is the hundreds digit of 722?
7
What is the tens digit of 124107?
0
What is the thousands digit of 11629?
1
What is the ten thousands digit of 54796?
5
What is the tens digit of 11789?
8
What is the hundreds digit of 42248?
2
What is the hundreds digit of 90701?
7
What is the thousands digit of 28959?
8
What is the tens digit of 21051?
5
What is the units digit of 90?
0
What is the hundreds digit of 4862?
8
What is the hundreds digit of 890?
8
What is the tens digit of 118107?
0
What is the hundreds digit of 4676?
6
What is the units digit of 352?
2
What is the thousands digit of 1713?
1
What is the tens digit of 5063?
6
What is the thousands digit of 6053?
6
What is the units digit of 63457?
7
What is the tens digit of 4847?
4
What is the units digit of 241?
1
What is the thousands digit of 5706?
5
What is the hundreds digit of 29561?
5
What is the units digit of 353?
3
What is the hundred thousands digit of 117248?
1
What is the tens digit of 17283?
8
What is the units digit of 3948?
8
What is the hundreds digit of 622?
6
What is the tens digit of 15853?
5
What is the thousands digit of 9145?
9
What is the hundreds digit of 2378?
3
What is the ten thousands digit of 20337?
2
What is the tens digit of 30556?
5
What is the units digit of 895?
5
What is the tens digit of 73558?
5
What is the thousands digit of 3316?
3
What is the hundreds digit of 12512?
5
What is the tens digit of 17427?
2
What is the units digit of 20771?
1
What is the thousands digit of 2100?
2
What is the tens digit of 2221?
2
What is the thousands digit of 8137?
8
What is the tens digit of 15323?
2
What is the units digit of 74105?
5
What is the units digit of 48336?
6
What is the hundreds digit of 1007?
0
What is the hundreds digit of 529?
5
What is the hundreds digit of 1560?
5
What is the tens digit of 7008?
0
What is the tens digit of 20257?
5
What is the thousands digit of 1274?
1
What is the ten thousands digit of 69973?
6
What is the units digit of 824?
4
What is the thousands digit of 3891?
3
What is the hundreds digit of 1406?
4
What is the ten thousands digit of 39536?
3
What is the thousands digit of 39395?
9
What is the ten thousands digit of 17746?
1
What is the units digit of 751?
1
What is the thousands digit of 62532?
2
What is the thousands digit of 60690?
0
What is the hundreds digit of 2738?
7
What is the thousands digit of 3120?
3
What is the tens digit of 30971?
7
What is the units digit of 5251?
1
What is the hundreds digit of 3825?
8
What is the thousands digit of 153996?
3
What is the tens digit of 146?
4
What is the thousands digit of 4597?
4
What is the units digit of 5085?
5
What is the thousands digit of 2796?
2
What is the thousands digit of 6055?
6
What is the units digit of 3719?
9
What is the units digit of 26215?
5
What is the tens digit of 11836?
3
What is the units digit of 22745?
5
What is the thousands digit of 4336?
4
What is the thousands digit of 51989?
1
What is the thousands digit of 88441?
8
What is the hundreds digit of 10060?
0
What is the tens digit of 2917?
1
What is the units digit of 3087?
7
What is the tens digit of 215?
1
What is the hundreds digit of 3350?
3
What is the hundreds digit of 3136?
1
What is the tens digit of 1555?
5
What is the hundreds digit of 1752?
7
What is the units digit of 61?
1
What is the hundreds digit of 3036?
0
What is the tens digit of 5274?
7
What is the tens digit of 1551?
5
What is the units digit of 834?
4
What is the units digit of 1516?
6
What is the units digit of 40632?
2
What is the thousands digit of 4131?
4
What is the hundreds digit of 8161?
1
What is the thousands digit of 88065?
8
What is the tens digit of 714?
1
What is the tens digit of 2921?
2
What is the thousands digit of 24676?
4
What is the units digit of 796?
6
What is the tens digit of 32528?
2
What is the hundreds digit of 5435?
4
What is the units digit of 239?
9
What is the thousands digit of 13875?
3
What is the ten thousands digit of 73181?
7
What is the thousands digit of 34354?
4
What is the thousands digit of 17107?
7
What is the units digit of 43911?
1
What is the hundreds digit of 449?
4
What is the units digit of 4213?
3
What is the thousands digit of 56489?
6
What is the thousands digit of 2241?
2
What is the hundreds digit of 25971?
9
What is the hundreds digit of 176?
1
What is the tens digit of 296?
9
What is the hundreds digit of 61358?
3
What is the ten thousands digit of 17576?
1
What is the units digit of 1952?
2
What is the units digit of 40467?
7
What is the tens digit of 59963?
6
What is the ten thousands digit of 11048?
1
What is the units digit of 358?
8
What is the hundreds digit of 113850?
8
What is the tens digit of 22895?
9
What is the tens digit of 25403?
0
What is the tens digit of 117241?
4
What is the ten thousands digit of 56802?
5
What is the tens digit of 72370?
7
What is the hundreds digit of 817?
8
What is the hundreds digit of 357?
3
What is the hundreds digit of 1736?
7
What is the hundreds digit of 16668?
6
What is the units digit of 460?
0
What is the units digit of 2607?
7
What is the tens digit of 983?
8
What is the hundred thousands digit of 163056?
1
What is the units digit of 26756?
6
What is the tens digit of 650?
5
What is the units digit of 40503?
3
What is the thousands digit of 75640?
5
What is the ten thousands digit of 89724?
8
What is the units digit of 794?
4
What is the thousands digit of 3862?
3
What is the units digit of 1733?
3
What is the units digit of 26590?
0
What is the thousands digit of 27239?
7
What is the tens digit of 1355?
5
What is the hundreds digit of 33013?
0
What is the thousands digit of 7056?
7
What is the thousands digit of 2087?
2
What is the hundreds digit of 9293?
2
What is the thousands digit of 123048?
3
What is the thousands digit of 23860?
3
What is the hundreds digit of 504?
5
What is the units digit of 41055?
5
What is the units digit of 420?
0
What is the units digit of 5307?
7
What is the tens digit of 27?
2
What is the units digit of 5728?
8
W